 a composite number?
False
Is 9024515963 prime?
True
Is 33966141211 prime?
False
Is 970745903 prime?
False
Is 66337054493 composite?
True
Is 19081214231 a prime number?
True
Is 2857499419 a prime number?
False
Is 26763953543 composite?
False
Is 5486056963 a composite number?
False
Is 1547561143 prime?
False
Is 544007687 composite?
False
Is 1539907309 prime?
True
Is 19397132411 a composite number?
False
Is 7997435819 prime?
False
Is 64289557 a prime number?
False
Is 13477992679 composite?
True
Is 17593927987 a prime number?
True
Is 17376481501 composite?
False
Is 30782446369 a composite number?
True
Is 1193928889 prime?
False
Is 2170749167 a composite number?
False
Is 116761558567 a composite number?
False
Is 8576130611 composite?
False
Is 1366490339 prime?
True
Is 2019163163 composite?
False
Is 986716787 composite?
True
Is 18960478763 prime?
False
Is 983826617 a prime number?
True
Is 491360213 a prime number?
True
Is 13131406531 prime?
False
Is 447152477 a prime number?
True
Is 56410847 composite?
False
Is 1330654229 prime?
False
Is 1569351097 prime?
True
Is 2062766829 prime?
False
Is 6550662779 a prime number?
True
Is 141077093 a composite number?
True
Is 55462018393 a prime number?
False
Is 22913727347 composite?
True
Is 33730518517 composite?
False
Is 833665501 a prime number?
False
Is 112904081 a composite number?
True
Is 28241113721 prime?
True
Is 49598201 a composite number?
False
Is 210971261 composite?
False
Is 56555619313 a prime number?
False
Is 16526249 composite?
True
Is 486373441 prime?
False
Is 9026437201 prime?
True
Is 25048941557 a prime number?
False
Is 33251024237 prime?
True
Is 7531527293 a composite number?
False
Is 311245843 prime?
False
Is 3861197059 a prime number?
False
Is 512977051 composite?
True
Is 15691013263 composite?
False
Is 397292153 prime?
True
Is 1267453217 composite?
True
Is 24269226413 a prime number?
True
Is 10355124589 prime?
True
Is 110406240627 a composite number?
True
Is 60622514497 prime?
False
Is 8733235133 a composite number?
True
Is 91582891 a prime number?
False
Is 7728178349 composite?
False
Is 32699713 a composite number?
False
Is 591226942 prime?
False
Is 1225911397 a prime number?
True
Is 5351001427 a prime number?
True
Is 623735633 a prime number?
False
Is 610862069 a prime number?
False
Is 7960868687 a composite number?
True
Is 25429273811 composite?
False
Is 11657611761 composite?
True
Is 14762785369 prime?
False
Is 54591071 a prime number?
False
Is 1161182101 prime?
False
Is 10320825523 prime?
False
Is 34821381143 composite?
True
Is 28954503861 a prime number?
False
Is 1027346459 composite?
False
Is 4476178591 a prime number?
False
Is 145931879 a prime number?
True
Is 1988911567 composite?
True
Is 1718387111 a composite number?
True
Is 388537451 prime?
False
Is 8555861 composite?
False
Is 9365283899 a composite number?
False
Is 226846160129 prime?
True
Is 7011735131 a composite number?
True
Is 1863652097 prime?
True
Is 534027511 composite?
True
Is 172992437 a prime number?
True
Is 536183023 prime?
False
Is 328868027 prime?
True
Is 1620283591 composite?
True
Is 14361857 a composite number?
True
Is 81256157 a composite number?
True
Is 22376306269 a composite number?
False
Is 3109639387 prime?
False
Is 14876857 a composite number?
False
Is 10247102149 prime?
False
Is 62119901 a composite number?
True
Is 41479105 a composite number?
True
Is 2800194361 a composite number?
False
Is 464999929 a composite number?
True
Is 32770855021 composite?
False
Is 2095460749 a prime number?
False
Is 13995200099 a prime number?
True
Is 6690824839 prime?
False
Is 4647869995 prime?
False
Is 15493403369 prime?
True
Is 80226593 composite?
True
Is 9580855979 a prime number?
True
Is 151123121 prime?
True
Is 5535389945 composite?
True
Is 2992134209 a composite number?
False
Is 19559172421 composite?
True
Is 109157611 a prime number?
False
Is 2900243081 prime?
True
Is 1354176479 composite?
False
Is 1572077717 prime?
False
Is 16769869031 a composite number?
False
Is 735639559 a composite number?
False
Is 505565099 a prime number?
False
Is 389815079 a prime number?
True
Is 17711007151 composite?
False
Is 15205172273 composite?
False
Is 4093830359 composite?
True
Is 54875423 prime?
True
Is 23707045787 a composite number?
False
Is 65534597879 a prime number?
True
Is 1179709969 prime?
True
Is 7207899023 composite?
True
Is 348028147 a composite number?
False
Is 1458023033 composite?
True
Is 533182634 composite?
True
Is 1644548371 a composite number?
True
Is 7456456687 composite?
True
Is 2777457647 prime?
False
Is 2955283873 prime?
True
Is 61528364621 a composite number?
False
Is 3718588969 composite?
False
Is 573678527 prime?
True
Is 252416447 composite?
False
Is 5100879881 composite?
True
Is 75730609 prime?
True
Is 177961814609 prime?
True
Is 1748322527 prime?
False
Is 98211683431 a composite number?
False
Is 10410947189 prime?
False
Is 70240712123 a composite number?
False
Is 4223501 a prime number?
True
Is 32574015263 composite?
True
Is 170244002267 a composite number?
False
Is 2105502079 a prime number?
False
Is 18480995063 a composite number?
True
Is 881336959 composite?
False
Is 869885974 prime?
False
Is 2915726003 a composite number?
False
Is 1774621627 composite?
False
Is 2691135157 a prime number?
False
Is 354232643 a prime number?
False
Is 3685860553 a composite number?
True
Is 373868219 a composite number?
False
Is 9499516179 a composite number?
True
Is 36160903195 a composite number?
True
Is 1770536501 a composite number?
False
Is 65493218053 a prime number?
False
Is 104044874203 composite?
True
Is 12033405959 a composite number?
False
Is 1370769097 a prime number?
False
Is 63103373 prime?
False
Is 914053213 prime?
False
Is 383393851 composite?
False
Is 6234467669 composite?
False
Is 23775853677 composite?
True
Is 1336460857 composite?
False
Is 2936036429 a composite number?
False
Is 5688672601 a composite number?
False
Is 44399037707 composite?
False
Is 7616458151 a composite number?
False
Is 39567812803 a prime number?
True
Is 244015459 composite?
True
Is 26131143491 prime?
False
Is 2944199911 prime?
True
Is 863276591 composite?
True
Is 116323663 composite?
False
Is 22736437721 a composite number?
True
Is 158320117 composite?
False
Is 978537869 a prime number?
False
Is 1016720183 prime?
True
Is 268865243 a composite number?
False
Is 8986588811 a prime number?
False
Is 2265892229 a prime number?
False
Is 1632130949 composite?
False
Is 10543682099 a composite number?
True
Is 263559987913 a composite number?
False
Is 1247980661 composite?
True
Is 14012575141 composite?
False
Is 48777646471 composite?
True
Is 1405097081 prime?
False
Is 128065191629 composite?
False
Is 942094963 a composite number?
False
Is 2108735877 prime?
False
Is 4550720155 a composite number?
True
Is 15578413223 composite?
True
Is 46150627937 a prime number?
False
Is 7969447547 composite?
False
Is 7857485719 prime?
True
Is 398061633 a composite number?
True
Is 2249880473 prime?
True
Is 78536876833 a composite number?
False
Is 316489429 composite?
True
Is 1525225503 prime?
False
Is 42860043749 a prime number?
False
Is 12820955633 prime?
True
Is 1322569291 prime?
True
Is 41270265667 a composite number?
False
Is 861462323 a prime number?
False
Is 6714066367 composite?
True
Is 342349907 prime?
True
Is 1415803919 a prime number?
False
Is 1206298097 prime?
False
Is 1420079509 a composite number?
True
Is 433086139 prime?
True
Is 8412211573 composite?
False
Is 354677317 a prime number?
True
Is 3416977 a prime number?
False
Is 1316460097 prime?
False
Is 2293620119 composite?
True
Is 17798459911 composite?
True
Is 4381921 prime?
True
Is 11036156689 a prime number?
True
Is 46583465293 a prime number?
True
Is 266238812069 composite?
False
Is 782363807 prime?
False
Is 4011833459 a prime number?
True
Is 10640549901 a composite number?
True
Is 1009981591 composite?
False
Is 233136833 prime?
False
Is 87858509 a prime number?
True
Is 2468295413 a composite number?
False
Is 306605711 composite?
False
Is 12837277927 a composite number?
True
Is 967989943 a prime number?
False
Is 3831432413 a prime number?
True
Is 850388579 a prime number?
True
Is 170377783 prime?
True
Is 173749951 composite?
False
Is 18674653667 a prime number?
True
Is 526732054 a composite 